
False
Is 7123980 a multiple of 30?
True
Is 17318020 a multiple of 10?
True
Is 9 a factor of 17849646?
True
Does 3096 divide 144586296?
True
Is 23 a factor of 207797359?
False
Does 1605 divide 28599495?
True
Is 16757028 a multiple of 738?
True
Is 26 a factor of 823025?
False
Is 27412051 a multiple of 139?
True
Does 80 divide 7107939?
False
Is 72389908 a multiple of 1844?
True
Is 45549887 a multiple of 212?
False
Does 265 divide 10558279?
False
Does 305 divide 156723014?
False
Is 1251994818 a multiple of 234?
False
Does 1030 divide 53517770?
True
Is 99 a factor of 3175920?
True
Is 1048 a factor of 267066655?
False
Does 770 divide 27823950?
True
Is 26368271 even?
False
Is 466 a factor of 84459704?
True
Is 347323442 a multiple of 31?
True
Does 134 divide 382709092?
True
Is 70513522 a multiple of 38?
True
Is 124070786 a multiple of 5?
False
Is 1407 a factor of 21569709?
False
Is 305630612 a multiple of 29?
False
Does 81 divide 31529805?
False
Is 9 a factor of 1686436925?
False
Is 2262 a factor of 279243204?
False
Is 121 a factor of 45989559?
True
Is 2776 a factor of 1546025714?
False
Is 4180 a factor of 74604640?
True
Is 110 a factor of 61398604?
False
Is 213893423 a multiple of 175?
False
Is 67 a factor of 28171741?
False
Does 11864 divide 134198560?
False
Does 745 divide 544769330?
True
Is 6 a factor of 13860412?
False
Is 17 a factor of 1095739981?
True
Is 9 a factor of 46408410?
True
Is 64737075 a multiple of 17?
False
Is 4573445 a multiple of 5?
True
Does 65 divide 85298070?
True
Is 135 a factor of 20104459?
False
Does 660 divide 1291466880?
True
Does 8 divide 23185171?
False
Is 62 a factor of 4506687?
False
Is 57 a factor of 28809738?
True
Is 276 a factor of 82874855?
False
Is 426 a factor of 20707860?
True
Is 2005 a factor of 49553575?
True
Does 3603 divide 229828164?
True
Is 255 a factor of 22857142?
False
Is 2475219859 a multiple of 2251?
True
Is 218424216 a multiple of 26?
False
Does 795 divide 61626492?
False
Is 2751360951 a multiple of 8?
False
Is 8 a factor of 3182148024?
True
Is 18 a factor of 161784216?
True
Does 14 divide 1851556?
True
Is 14279796 a multiple of 300?
False
Is 107395681 a multiple of 1343?
True
Does 69 divide 112148046?
True
Is 35 a factor of 722726018?
False
Does 1307 divide 3343692872?
True
Is 700591554 a multiple of 298?
False
Is 633638 a multiple of 159?
False
Is 3437479448 a multiple of 52?
True
Does 2415 divide 142026150?
True
Is 19 a factor of 10894695?
True
Is 102149911 a multiple of 9?
False
Does 131 divide 265569709?
False
Is 30804224 a multiple of 16?
True
Is 764480 a multiple of 10?
True
Is 22631400 a multiple of 18?
True
Is 163660022 a multiple of 21?
False
Does 142 divide 16367488?
True
Is 1409310804 a multiple of 16?
False
Is 14 a factor of 655907906?
False
Does 7 divide 622423683?
True
Is 255 a factor of 93113250?
True
Is 130100608 a multiple of 176?
True
Is 160826175 a multiple of 27?
True
Is 131462556 a multiple of 1820?
False
Does 3604 divide 93511775?
False
Does 434 divide 509653578?
True
Is 433 a factor of 83425557?
False
Is 6997 a factor of 3813854790?
True
Is 17 a factor of 205928344?
True
Does 12 divide 4971900?
True
Does 21 divide 104850018?
True
Is 344 a factor of 164303536?
False
Does 1717 divide 1860358507?
False
Is 477 a factor of 159990093?
True
Is 253531163 a multiple of 473?
False
Does 95 divide 8486206?
False
Does 5079 divide 158469010?
False
Is 30 a factor of 20067950?
False
Is 52096105 a multiple of 54?
False
Is 8110219 a multiple of 41?
False
Does 842 divide 3135633479?
False
Is 49775092 a multiple of 33?
False
Is 4522 a factor of 1646473766?
True
Is 31998715 a multiple of 2?
False
Is 916209792 a multiple of 201?
False
Is 4883808276 a multiple of 13?
False
Is 39251921 a multiple of 16?
False
Is 11 a factor of 186827597?
True
Is 17026385 a multiple of 68?
False
Is 6 a factor of 280055119?
False
Is 234 a factor of 2072767?
False
Is 2175801680 a multiple of 52?
True
Is 46929588 a multiple of 721?
False
Does 7 divide 640155124?
True
Is 68011 a multiple of 14?
False
Is 698114221 a multiple of 328?
False
Does 8 divide 342051643?
False
Is 811 a factor of 58786957?
True
Does 207 divide 170694063?
True
Is 579899874 a multiple of 201?
True
Is 531077105 a multiple of 13?
True
Does 201 divide 404275403?
False
Does 382 divide 126527634?
False
Does 9 divide 1106213201?
False
Is 117 a factor of 215160312?
False
Is 63460005 a multiple of 7?
True
Is 4085440 a multiple of 8?
True
Does 78 divide 208711386?
True
Is 36919175 a multiple of 1157?
False
Does 734 divide 36363828?
True
Is 11 a factor of 49529480?
True
Is 336147249 a multiple of 12?
False
Does 8 divide 205125125?
False
Is 46419749 a multiple of 19?
False
Does 24 divide 1541401032?
True
Does 6 divide 14665458?
True
Does 13 divide 297673797?
False
Is 4 a factor of 344646947?
False
Does 131 divide 1496772438?
False
Is 11 a factor of 563749714?
True
Is 524 a factor of 4170647?
False
Is 43 a factor of 2103087?
True
Is 93330507 a multiple of 59?
True
Does 21 divide 15708860?
False
Does 15 divide 32470710?
True
Does 1857 divide 759481135?
False
Is 18608658 a multiple of 443?
True
Is 139 a factor of 763327083?
False
Is 33669846 a multiple of 353?
True
Does 696 divide 502589952?
True
Is 98 a factor of 4007598429?
False
Does 42 divide 58308558?
True
Is 366656210 a multiple of 310?
False
Is 188971354 a multiple of 187?
True
Is 9 a factor of 36739350?
True
Is 28 a factor of 83929328?
True
Is 254657704 a multiple of 6?
False
Does 1278 divide 692735974?
False
Does 834 divide 231163950?
True
Does 2 divide 9192099?
False
Is 1049220 a multiple of 584?
False
Is 4 a factor of 3762950?
False
Does 1851 divide 462868883?
False
Is 26079920 a multiple of 866?
False
Does 1220 divide 557291120?
True
Is 2401 a factor of 325059385?
True
Is 205650577 a multiple of 59?
True
Does 196 divide 1232264363?
False
Does 1673 divide 511805948?
False
Is 12950498 a multiple of 341?
True
Is 102104707 a multiple of 361?
False
Is 667565680 a multiple of 9?
False
Does 204 divide 93897512?
False
Is 4168 a factor of 52921096?
True
Is 54295890 a multiple of 2706?
True
Is 33451240 a multiple of 340?
True
Is 1858 a factor of 21715474?
False
Is 15 a factor of 186166785?
True
Is 8 a factor of 173885250?
False
Does 8 divide 19598423?
False
Does 261 divide 5818941305?
False
Does 309 divide 17054019?
True
Does 213 divide 111053088?
True
Is 719724324 a multiple of 5269?
True
Does 1791 divide 2820976090?
False
Is 634023570 a multiple of 218?
True
Does 32 divide 6492576?
True
Is 47 a factor of 26891694?
False
Does 234 divide 6803903?
False
Is 3369 a factor of 1818444360?
False
Does 10 divide 142764400?
True
Is 658808653 a multiple of 30?
False
Is 106 a factor of 61256994?
False
Is 15 a factor of 192425485?
False
Is 11 a factor of 1043888789?
False
Is 182756833 a multiple of 46?
False
Does 1332 divide 861209853?
False
Is 27279422 a multiple of 19?
False
Is 6 a factor of 54918096?
True
Is 625218540 a multiple of 1798?
True
Is 25758292 a multiple of 66?
False
Does 7 divide 746508826?
True
Is 273135312 a multiple of 18?
True
Is 10869396 a multiple of 1511?
False
Does 60 divide 22539247?
False
Is 81964829 a multiple of 2017?
True
Is 206797434 a multiple of 58?
True
Is 21 a factor of 249398331?
True
Does 609 divide 3675963?
False
Does 3121 divide 1117417571?
False
Is 300939451 a multiple of 206?
False
Does 3 divide 95544762?
True
Does 26 divide 42831326?
False
Is 6 a factor of 9374859?
False
Is 17194768 a multiple of 44?
False
Is 1057714346 a multiple of 147?
False
Is 1267 a factor of 53700528?
True
Is 89002462 a multiple of 116?
False
Is 806258340 a multiple of 9?
True
Is 77010417 a multiple of 1091?
True
Is 33 a factor of 4410054?
True
Is 3282851241 a multiple of 32?
False
Does 1099 divide 473640523?
False
Does 43 divide 1004109469?
True
Is 125 a factor of 1847164000?
True
Does 21 divide 32501952?
True
Is 52458647 a multiple of 935?
False
Does 5 divide 781123204?
False
Is 12 a factor of 556643358?
False
Does 1315 divide 114555885?
False
Is 3734662 a multiple of 13?
False
Is 1990 a factor of 95378251?
False
Does 51 divide 14644650?
True
Does 15 divide 553451209?
False
Does 26 divide 30608526?
True
Is 24901301 a multiple of 9?
False
Is 7828460 a multiple of 149?
True
Is 51667453 a multiple of 1399?
F